/(-24) + 2/4. Let d = 316 + j. Suppose 0 = q - 0*i - 3*i - d, -16 = 4*i. What are the prime factors of q?
3, 41
Let s be (6 - 5) + 4 - -30. Let u = 105 - s. List the prime factors of u*(18/(-4))/(-9).
5, 7
Let c(b) = -4*b + 24. Let h be c(5). Suppose h*v - 3 - 5 = 0. Suppose -4*r = -0*i - i - 77, 2*i + v = 0. List the prime factors of r.
19
Let f = -44 + 190. Suppose o + 14 = f. Let q = o - 71. What are the prime factors of q?
61
Let w be (-18)/(-45)*10/4. Let v be w/((1 - -1)*(-11)/(-660)). List the prime factors of (v/25)/((8/(-290))/(-2)).
3, 29
Suppose 37*x - 248267 = 296188. List the prime factors of x.
3, 5, 109
List the prime factors of ((-4)/(-12)*-1)/((-54)/5945562).
7, 107
Let a(n) = 59*n**2 + 2*n. Let o be a(-1). Let i = 52 - o. List the prime factors of (-377)/i - (-27)/45.
2, 19
Suppose -50*f = 7*f + 27*f - 1684368. List the prime factors of f.
2, 3, 557
Let q(u) = 60 + 88*u - 167*u + 90*u. What are the prime factors of q(19)?
269
Suppose -w - 4 = -5*w, -4*l + 4*w + 25944 = 0. What are the prime factors of l?
13, 499
Let a(p) = 118*p**2 + 224*p + 3354. What are the prime factors of a(-16)?
2, 13, 1153
Suppose -3*f = -106 - 38. Let x be ((-3)/(-3))/((-2)/(-4)). Suppose -f = -2*c + x. List the prime factors of c.
5
What are the prime factors of (-1776)/1184*(185*-26 + 0)?
3, 5, 13, 37
What are the prime factors of 567 + 2 + -12 + 15?
2, 11, 13
Let p(w) = -772*w**3 - w**2 - 2*w - 1. Let s be p(-1). Let u = 122 + -128. List the prime factors of s/6 + 4/u.
2
Let w(t) = t**3 - 12*t**2 - 43*t. Let o be w(15). Let n(x) = -x**2 + 40*x + 25. List the prime factors of n(o).
5, 13
Let n(r) = r**3 - 9*r**2 + 8*r + 4. Let t be n(8). Suppose t*s = 2*s + 4*s. Suppose s = -7*c + 648 + 416. What are the prime factors of c?
2, 19
Suppose 0 = 5*q + 4*x - 77 - 394, -3*q = x - 284. List the prime factors of 2803/5 - (-38)/q.
3, 11, 17
Let f(a) = -2*a**3 + 52*a**2 - 18*a - 8. List the prime factors of f(-7).
2, 419
Let t(i) = -i**2 - 6*i - 1. Let r be t(-4). List the prime factors of (-3 + -6)*-43 + -7 + r.
3, 43
Let q(x) = 33*x**3 + 3 - x**2 - 26*x + 42*x**3 + 28*x. Let d be q(2). Let t = -336 + d. List the prime factors of t.
3, 89
Let n be (55/(-10) - -4)*-2. Suppose -3*i - n*v - 117 = 0, -2*i - 90 = -3*v - v. Let b = i + 46. What are the prime factors of b?
5
Suppose 0 = -2*u - 0 + 4. Suppose 2*n - 9*n = -966. Suppose -2*z + 2*y + n = 0, 0*y + u*y = -3*z + 222. List the prime factors of z.
2, 3
Let y be (-2)/40*-12 - (-4147)/5. Let d = 1328 - y. List the prime factors of d.
2, 3, 83
Let z = 21013 + -13487. What are the prime factors of z?
2, 53, 71
Suppose 27255 + 6505 = -16*d. Let p = d - -3505. What are the prime factors of p?
3, 5, 31
Let l(j) = -9*j**3 - 10*j**2 - 25*j + 3. Let w be l(-4). Let p = w - 347. List the prime factors of p.
2, 43
Let g(j) = -18*j**3 - 3*j**2 + 459*j + 4923. What are the prime factors of g(-11)?
3, 7823
Let g(k) = -k**3 + 33*k**2 - 41*k + 70. Let z be g(31). Let a = 828 - z. List the prime factors of a.
107
Suppose 2*c - v - 338 = -4*v, 0 = 5*c + 3*v - 836. Suppose -29 - c = -r. What are the prime factors of r?
3, 5, 13
Let i(y) = -2*y**2 - 9*y + 35. Let l be i(-7). Suppose -4*o + l*o - 5*h + 5172 = 0, -2*h = 8. What are the prime factors of o?
2, 11, 59
Let w = 54275 - 34451. List the prime factors of w.
2, 3, 7, 59
Let o(q) be the first derivative of 4*q**3/3 + 19*q**2 - 14*q - 44. What are the prime factors of o(-15)?
2, 79
Suppose 12*x - 14*x + 41494 = 4*d, -4*d = -3*x - 41519. What are the prime factors of d?
2, 1297
Let f be 3 + -1 + -7 + 7. Let c be (-9)/(225/10) - (-2)/5. Suppose t + f*t = -m + 32, -t - m + 14 = c. List the prime factors of t.
3
Suppose -2 = -t, -j + 256 = -0*j + 3*t. Let a = 189 + j. List the prime factors of a.
439
Let l(k) = 176*k - 48. Let p be l(7). Let c = p - 788. Suppose 2*h + 3*v - 522 = -3*h, 4*h - 3*v - c = 0. What are the prime factors of h?
2, 3, 17
What are the prime factors of ((-4)/6 - ((-3315715)/87 + -13))*1?
2, 3, 353
Let c = 26202 - -13545. What are the prime factors of c?
3, 13249
Let t = -2283 - -3729. Suppose -276*b = -282*b + t. List the prime factors of b.
241
Suppose -8*b - 3*l = -11*b + 93027, -13*b = l - 403089. List the prime factors of b.
101, 307
Let c be (-3)/(3/5) + -58. Let u = c - -43. What are the prime factors of (-4164)/u - 2*(-1)/(-10)?
2, 13
List the prime factors of 8630*(-9)/24*32/(-20).
2, 3, 863
List the prime factors of -759*90/(-10) - -8.
7, 977
Let d(z) = z**2 - 13*z + 8. Let t be d(9). Let b = -43 - t. Let g = b - -49. List the prime factors of g.
2, 17
Let m be 7*((-18)/5)/((-56)/40). Let q = m - 18. List the prime factors of q + 1*1*(70 - -3).
73
Let m be (-3)/((-6)/20)*2263/62. Let g = m + -63. What are the prime factors of g?
2, 151
Let t(v) = 631*v**2 + 7*v - 21. List the prime factors of t(4).
10103
Let c be (-889)/4 - 0 - (-45)/(-60). Let v = c - -643. List the prime factors of v.
2, 3, 5, 7
Let s = 53 - 51. Let i be ((-45)/15)/((-241)/(-122) - s). Suppose -2*q - i + 456 = 0. What are the prime factors of q?
167
Let m(h) = -56*h - 49. Let i be m(-5). Suppose -x - 468 = -2*t, -3*t + 935 - i = -2*x. List the prime factors of t.
2, 29
Suppose 251893 + 131280 = 52*m - 64235. What are the prime factors of m?
2, 3, 239
What are the prime factors of 4 + 88/(-32) + -1 - (-39638)/8?
5, 991
Let k(t) = -29*t - 1. Let m be k(-9). What are the prime factors of (-18)/((-8)/m*5)?
3, 13
Let i = 936 + -682. Suppose -3*k + i = -2017. What are the prime factors of k?
757
Suppose -2*i = 5*h - 34, 12*h = 10*h + 2*i + 8. Suppose -4*a = d - 672, -707 = -d - h*a + 9*a. What are the prime factors of d?
2, 173
Let n(p) = p**3 + 8*p**2 - 33*p. Let x be n(-11). Suppose i - 3 = -0*i, u + 2*i - 810 = x. List the prime factors of u.
2, 3, 67
Let s(l) = -l**3 + 31*l**2 + 13*l - 193. Let o = -441 - -472. List the prime factors of s(o).
2, 3, 5, 7
Let j(b) = 2018*b + 2013*b + 20 - 4022*b. Let i(w) = -4*w - 2. Let h be i(-3). List the prime factors of j(h).
2, 5, 11
Let t = 123 - 119. Suppose -t*r = -r - 87. Suppose 0 = 27*m - r*m + 460. What are the prime factors of m?
2, 5, 23
Suppose 5*i - 3*m - 66527 = 0, 4*i - 4*m - 30949 - 22271 = 0. What are the prime factors of i?
2, 6653
Let f(a) = 29*a + 8. Let j be f(5). Suppose 0 = 4*k - 5*i - 1261, -4*k - 3*i + 1406 = j. What are the prime factors of k?
2, 157
Suppose -208*w = -213*w + 35. List the prime factors of (-2 + -28)*(w + -8).
2, 3, 5
Suppose -79*x = -172*x + 624774. List the prime factors of x.
2, 3359
Suppose -5*x = -x - 248. Let u = -70 + x. List the prime factors of u/48 - 1406/(-12).
3, 13
Suppose -2*s - 6653 = -3*s + 5*i, 0 = -3*s + 2*i + 19907. List the prime factors of s.
3, 11, 67
Suppose -s - 5*z = 12 + 189, -6 = -2*z. Let a be s/60*(-25)/2. List the prime factors of -12*(a/(-4))/(12/8).
2, 3, 5
Let q be (-10)/(-8)*(4 + 0). Suppose -4*k + q*u + 15 = 0, 3*u = 5*k - u - 12. Suppose k = -67*t + 63*t + 820. What are the prime factors of t?
5, 41
Let b be (-7)/(2/(-5 + 3)). Let a(g) = 34*g**2 - 6. Let r be a(-3). Suppose d + r = b*d. What are the prime factors of d?
2, 5
Let l(z) = -3*z - 12. Suppose -17 = 2*a - 3*k, -5*a + 4 = -9*a - 4*k. Let h be l(a). Suppose -2*w + 161 + 105 = h. List the prime factors of w.
7, 19
Suppose -32700 = -9*s - 11*s. Let r = s + -459. What are the prime factors of r?
2, 3, 7
Let t(k) = 1716 - 3449 + 1707 - 1336*k. What are the prime factors of t(-1)?
2, 5, 131
Suppose -2*z + 16 = -4*k, 5*z = 2*k - 4*k - 20. Let c(r) be the second derivative of -r**5/5 + r**4/12 + r**3/6 - r**2 - 12*r. List the prime factors of c(z).
2
Let s(k) = -k**3 + 69*k**2 - 28*k - 172. List the prime factors of s(61).
2, 3, 7, 83
Let n(p) = 267*p + 54. Suppose 7*l = 33*l - 26. List the prime factors of n(l).
3, 107
Let p = -8267 + 10542. List the prime factors of p.
5, 7, 13
Let f = 715 - 78. Let k = f - 359. Suppose k = 3*q + 2. What are the prime factors of q?
2, 23
Suppose -27*p + 28*p + 4*s = 37819, -4*p + 151372 = 4*s. What are the prime factors of p?
3, 11, 31, 37
Let h(p) = -2*p - 9*p + p**3 - 2*p**3 + 7*p**2 + 11. Let j be 0/(-8) - 0 - 4 - -9. What are the prime factors of h(j)?
2, 3
Let s(t) = -3*t**3 + 16*t**2 - 46*t + 48. Let q(z) = -z**3. Let u(v) = -4*q(v) + s(v). List the prime factors of u(-1